{"id":1646,"date":"2022-03-21T11:19:02","date_gmt":"2022-03-21T10:19:02","guid":{"rendered":"http:\/\/schumansquare.net\/?page_id=1646"},"modified":"2022-04-28T17:52:56","modified_gmt":"2022-04-28T15:52:56","slug":"la-fete-des-pains-2022","status":"publish","type":"page","link":"https:\/\/schumansquare.net\/index.php\/la-fete-des-pains-2022\/","title":{"rendered":"La F\u00eate des Pains 2022"},"content":{"rendered":"\n<div class=\"wp-block-themeisle-blocks-advanced-columns has-1-columns has-desktop-equal-layout has-tablet-equal-layout has-mobile-equal-layout has-nogap-gap has-vertical-unset\" id=\"wp-block-themeisle-blocks-advanced-columns-567f23a1\"><div class=\"wp-block-themeisle-blocks-advanced-columns-overlay\"><\/div><div class=\"innerblocks-wrap\">\n<div class=\"wp-block-themeisle-blocks-advanced-column\" id=\"wp-block-themeisle-blocks-advanced-column-1126ab5f\">\n<h2 class=\"has-text-align-center has-vivid-cyan-blue-color has-text-color\">Le 7 mai 202<strong>2 de 10 \u00e0 20h<\/strong> sur le rond-point Schuman <br>une boulangerie g\u00e9ante vous attend. <br>Ne ratez pas cet \u00e9v\u00e9nement festif et gourmand!<\/h2>\n<\/div>\n<\/div><\/div>\n\n\n\n<p class=\"has-text-align-center\">Schuman Square ASBL organise la 7e \u00e9dition de cet \u00e9v\u00e9nement amical et populaire qui transforme l\u2019espace central du rond-point Schuman en une boulangerie internationale (avec l\u2019aide de la Ville de Bruxelles, de la R\u00e9gion Bruxelloise, de la Commission europ\u00e9enne, de l\u2019EASS et du Conseil).<\/p>\n\n\n\n<div class=\"wp-block-image\"><figure class=\"aligncenter size-large\"><img loading=\"lazy\" width=\"1024\" height=\"1024\" src=\"http:\/\/schumansquare.net\/wp-content\/uploads\/2022\/04\/MONTAGE_FDP-1024x1024.jpg\" alt=\"\" class=\"wp-image-1855\" srcset=\"https:\/\/schumansquare.net\/wp-content\/uploads\/2022\/04\/MONTAGE_FDP-1024x1024.jpg 1024w, https:\/\/schumansquare.net\/wp-content\/uploads\/2022\/04\/MONTAGE_FDP-300x300.jpg 300w, https:\/\/schumansquare.net\/wp-content\/uploads\/2022\/04\/MONTAGE_FDP-150x150.jpg 150w, https:\/\/schumansquare.net\/wp-content\/uploads\/2022\/04\/MONTAGE_FDP-768x768.jpg 768w, https:\/\/schumansquare.net\/wp-content\/uploads\/2022\/04\/MONTAGE_FDP.jpg 1200w\" sizes=\"(max-width: 1024px) 100vw, 1024px\" \/><figcaption>Une boulangerie g\u00e9ante sur le Rond-Point Schuman<\/figcaption><\/figure><\/div>\n\n\n\n<h1 class=\"has-text-align-center has-vivid-cyan-blue-color has-text-color\">Programme du Samedi 7 mai<\/h1>\n\n\n\n<h2>La F\u00eate du Pain<\/h2>\n\n\n\n<ul class=\"has-medium-font-size\"><li><span class=\"has-inline-color has-vivid-red-color\">10.00 > 20.00<\/span> <br><strong>F\u00eate du pain sur le rond-point transform\u00e9 pour l&rsquo;occasion en boulangerie g\u00e9ante.<\/strong> <br>De nombreux boulangers venus de Belgique, de France, de Bulgarie (pain au vin rouge), d\u2019Estonie, de Lituanie, de Moldavie, d\u2019Ukraine (pampushky), de Roumanie, d\u2019Allemagne, d\u2019Italie (pain cuit \u00e0 partir de farines anciennes), d\u2019Espagne (tapas), d\u2019\u00c9cosse, de Hongrie, d\u2019Irlande (Waterford blaa), du Liban (pain-mezz\u00e9), du Portugal, de Slovaquie&#8230;<br><br><strong>Atelier du pain<\/strong><br>Un atelier sp\u00e9cial sera organis\u00e9 pour les enfants dans un environnement amical et relax. Les enfants seront invit\u00e9s \u00e0 cuire leur propre pain.<br><br><strong>Vente de pain<\/strong><br>Le pain unifie les peuples et montre la diversit\u00e9 des sp\u00e9cialit\u00e9s culinaires. Diff\u00e9rents types de pain de toute l\u2019Europe, de diff\u00e9rentes formes, de diff\u00e9rentes couleurs seront expos\u00e9s \u00e0 la vente, accompagn\u00e9s de sp\u00e9cialit\u00e9s.<br><br><strong>Animations pour les enfants<\/strong> sur la petite rue de la Loi<br><br><\/li><li><span class=\"has-inline-color has-vivid-red-color\">17.30 > 20.00<\/span> <br><strong>Concert <\/strong>sur l&rsquo;espace au bout de la petite rue de la Loi (au croisement avec l&rsquo;avenue de la Joyeuse Entr\u00e9e) offert par le service diplomatique pour lancer le programme des Rencontres UE-Afrique qui s&rsquo;inscrivent dans le prolongement du Sommet UE-UA de f\u00e9vrier dernier. <br><\/li><\/ul>\n\n\n\n<h2>Animation pour les enfants<\/h2>\n\n\n\n<div class=\"wp-block-image\"><figure class=\"aligncenter size-large\"><img loading=\"lazy\" width=\"1024\" height=\"354\" src=\"http:\/\/schumansquare.net\/wp-content\/uploads\/2022\/03\/MontageEnfants-1024x354.jpg\" alt=\"\" class=\"wp-image-1674\" srcset=\"https:\/\/schumansquare.net\/wp-content\/uploads\/2022\/03\/MontageEnfants-1024x354.jpg 1024w, https:\/\/schumansquare.net\/wp-content\/uploads\/2022\/03\/MontageEnfants-300x104.jpg 300w, https:\/\/schumansquare.net\/wp-content\/uploads\/2022\/03\/MontageEnfants-768x265.jpg 768w, https:\/\/schumansquare.net\/wp-content\/uploads\/2022\/03\/MontageEnfants-1536x531.jpg 1536w, https:\/\/schumansquare.net\/wp-content\/uploads\/2022\/03\/MontageEnfants-2048x708.jpg 2048w\" sizes=\"(max-width: 1024px) 100vw, 1024px\" \/><figcaption>Animations multiples pour les enfants.<\/figcaption><\/figure><\/div>\n\n\n\n<h2>#EuropeDay<\/h2>\n\n\n\n<div class=\"wp-block-image\"><figure class=\"aligncenter size-large\"><img loading=\"lazy\" width=\"1024\" height=\"443\" src=\"http:\/\/schumansquare.net\/wp-content\/uploads\/2022\/03\/IMG_2431-1024x443.jpg\" alt=\"\" class=\"wp-image-1655\" srcset=\"https:\/\/schumansquare.net\/wp-content\/uploads\/2022\/03\/IMG_2431-1024x443.jpg 1024w, https:\/\/schumansquare.net\/wp-content\/uploads\/2022\/03\/IMG_2431-300x130.jpg 300w, https:\/\/schumansquare.net\/wp-content\/uploads\/2022\/03\/IMG_2431-768x332.jpg 768w, https:\/\/schumansquare.net\/wp-content\/uploads\/2022\/03\/IMG_2431-1536x665.jpg 1536w, https:\/\/schumansquare.net\/wp-content\/uploads\/2022\/03\/IMG_2431-2048x887.jpg 2048w\" sizes=\"(max-width: 1024px) 100vw, 1024px\" \/><figcaption>Journ\u00e9e Portes Ouvertes dans les institutions europ\u00e9ennes<\/figcaption><\/figure><\/div>\n\n\n\n<h2 class=\"has-text-align-center\">Lundi 9 mai, <br>organis\u00e9 en collaboration avec le Bureau de la repr\u00e9sentation de la Commission en Belgique<\/h2>\n\n\n\n<ul class=\"has-medium-font-size\"><li>12.00 &gt; 14.00 Hommage \u00e0 Robert Schuman<\/li><li>Ann\u00e9e europ\u00e9en de la jeunesse et 35e anniversaire du programme Erasmus<\/li><li>Solidarit\u00e9 avec la jeunesse ukrainienne<\/li><\/ul>\n\n\n\n<div class=\"wp-block-image\"><figure class=\"aligncenter size-large\"><img loading=\"lazy\" width=\"1024\" height=\"642\" src=\"http:\/\/schumansquare.net\/wp-content\/uploads\/2022\/03\/MontageSchuman-1024x642.jpg\" alt=\"\" class=\"wp-image-1677\" srcset=\"https:\/\/schumansquare.net\/wp-content\/uploads\/2022\/03\/MontageSchuman-1024x642.jpg 1024w, https:\/\/schumansquare.net\/wp-content\/uploads\/2022\/03\/MontageSchuman-300x188.jpg 300w, https:\/\/schumansquare.net\/wp-content\/uploads\/2022\/03\/MontageSchuman-768x481.jpg 768w, https:\/\/schumansquare.net\/wp-content\/uploads\/2022\/03\/MontageSchuman-1536x963.jpg 1536w, https:\/\/schumansquare.net\/wp-content\/uploads\/2022\/03\/MontageSchuman-2048x1284.jpg 2048w\" sizes=\"(max-width: 1024px) 100vw, 1024px\" \/><figcaption>Hommage \u00e0 Robert Schuman, de 12 &gt; 14h. Rendez-vous sur le Rond-Point.<\/figcaption><\/figure><\/div>\n\n\n\n<p><\/p>\n","protected":false},"excerpt":{"rendered":"<p>Schuman Square ASBL organise la 7e \u00e9dition de cet \u00e9v\u00e9nement amical et populaire qui transforme l\u2019espace central du rond-point Schuman en une boulangerie internationale (avec l\u2019aide de la Ville de Bruxelles, de la R\u00e9gion Bruxelloise, de la Commission europ\u00e9enne, de l\u2019EASS et du Conseil). Programme du Samedi 7 mai La F\u00eate du Pain 10.00 >&hellip;<\/p>\n","protected":false},"author":1,"featured_media":0,"parent":0,"menu_order":0,"comment_status":"closed","ping_status":"closed","template":"","meta":[],"_links":{"self":[{"href":"https:\/\/schumansquare.net\/index.php\/wp-json\/wp\/v2\/pages\/1646"}],"collection":[{"href":"https:\/\/schumansquare.net\/index.php\/wp-json\/wp\/v2\/pages"}],"about":[{"href":"https:\/\/schumansquare.net\/index.php\/wp-json\/wp\/v2\/types\/page"}],"author":[{"embeddable":true,"href":"https:\/\/schumansquare.net\/index.php\/wp-json\/wp\/v2\/users\/1"}],"replies":[{"embeddable":true,"href":"https:\/\/schumansquare.net\/index.php\/wp-json\/wp\/v2\/comments?post=1646"}],"version-history":[{"count":26,"href":"https:\/\/schumansquare.net\/index.php\/wp-json\/wp\/v2\/pages\/1646\/revisions"}],"predecessor-version":[{"id":1862,"href":"https:\/\/schumansquare.net\/index.php\/wp-json\/wp\/v2\/pages\/1646\/revisions\/1862"}],"wp:attachment":[{"href":"https:\/\/schumansquare.net\/index.php\/wp-json\/wp\/v2\/media?parent=1646"}],"curies":[{"name":"wp","href":"https:\/\/api.w.org\/{rel}","templated":true}]}}