{"id":1941,"date":"2022-10-06T12:35:02","date_gmt":"2022-10-06T10:35:02","guid":{"rendered":"http:\/\/schumansquare.net\/?page_id=1941"},"modified":"2022-12-01T11:23:18","modified_gmt":"2022-12-01T10:23:18","slug":"schuman-green-lights-up","status":"publish","type":"page","link":"https:\/\/schumansquare.net\/index.php\/schuman-green-lights-up\/","title":{"rendered":"Schuman Lights Up Programme &#8211; FR"},"content":{"rendered":"\n<p>Voici le programme des 10 journ\u00e9es pr\u00e9vues sur le rond-point Schuman du 5 au 19 d\u00e9cembre, ax\u00e9 sur l\u2019\u00e9nergie alternative verte.<\/p>\n\n\n\n<h3><span class=\"has-inline-color has-black-color\">Lundi 5 d\u00e9cembre<\/span> de 18.00h \u00e0 22.00h<\/h3>\n\n\n\n<div class=\"wp-block-image\"><figure class=\"aligncenter size-full is-resized\"><img loading=\"lazy\" src=\"https:\/\/schumansquare.net\/wp-content\/uploads\/2022\/11\/KBC_Brussels.jpg\" alt=\"\" class=\"wp-image-2032\" width=\"122\" height=\"129\" srcset=\"https:\/\/schumansquare.net\/wp-content\/uploads\/2022\/11\/KBC_Brussels.jpg 591w, https:\/\/schumansquare.net\/wp-content\/uploads\/2022\/11\/KBC_Brussels-285x300.jpg 285w\" sizes=\"(max-width: 122px) 100vw, 122px\" \/><\/figure><\/div>\n\n\n\n<h2 class=\"has-text-align-center\"><span style=\"color:#008716\" class=\"has-inline-color\">Saveurs d\u2019Italie<\/span><\/h2>\n\n\n\n<p>D\u00e9gustation d\u2019authentiques saveurs d\u2019Italie propos\u00e9e par la Chambre de Commerce Belgo-Italienne en collaboration avec la KBCBrussels. (complet)<\/p>\n\n\n\n<h3 class=\"has-text-align-left\"><span class=\"has-inline-color has-black-color\">Mardi 6 d\u00e9cembre<\/span> de 17.00h \u00e0 22.00h<\/h3>\n\n\n\n<div class=\"wp-block-image\"><figure class=\"aligncenter size-full is-resized\"><img loading=\"lazy\" src=\"https:\/\/schumansquare.net\/wp-content\/uploads\/2022\/11\/logo21.jpeg\" alt=\"\" class=\"wp-image-2034\" width=\"425\" height=\"182\" srcset=\"https:\/\/schumansquare.net\/wp-content\/uploads\/2022\/11\/logo21.jpeg 640w, https:\/\/schumansquare.net\/wp-content\/uploads\/2022\/11\/logo21-300x128.jpeg 300w\" sizes=\"(max-width: 425px) 100vw, 425px\" \/><\/figure><\/div>\n\n\n\n<h2 class=\"has-text-align-center\"><span style=\"color:#008716\" class=\"has-inline-color\">Soir\u00e9e de la pr\u00e9sidence Tch\u00e8que<\/span> <meta charset=\"utf-8\">(sur invitation)<\/h2>\n\n\n\n<p>Cocktail et concert Zemlinski Quartet.<br>D\u00e9gustation de vin de Moravie et de produits r\u00e9gionaux.<\/p>\n\n\n\n<h3 class=\"has-text-align-left\">Mercredi 7 d\u00e9cembre de 10.00h \u00e0 22.00h <\/h3>\n\n\n\n<div class=\"wp-block-image\"><figure class=\"aligncenter size-full is-resized\"><img loading=\"lazy\" src=\"https:\/\/schumansquare.net\/wp-content\/uploads\/2022\/11\/IG.jpg\" alt=\"\" class=\"wp-image-2035\" width=\"356\" height=\"356\" srcset=\"https:\/\/schumansquare.net\/wp-content\/uploads\/2022\/11\/IG.jpg 1000w, https:\/\/schumansquare.net\/wp-content\/uploads\/2022\/11\/IG-300x300.jpg 300w, https:\/\/schumansquare.net\/wp-content\/uploads\/2022\/11\/IG-150x150.jpg 150w, https:\/\/schumansquare.net\/wp-content\/uploads\/2022\/11\/IG-768x768.jpg 768w\" sizes=\"(max-width: 356px) 100vw, 356px\" \/><\/figure><\/div>\n\n\n\n<h2 class=\"has-text-align-center\"><span style=\"color:#008716\" class=\"has-inline-color\">\u00ab\u00a0People in Need\u00a0\u00bb<\/span> <meta charset=\"utf-8\">(ouvert \u00e0 tous)<\/h2>\n\n\n\n<p><\/p>\n\n\n\n<p>NGO pour l\u2019Ukraine. Exposition de dessins de Polina (vie d\u2019une jeune ukrainiennej).<br>Sous le patronnage de la Pr\u00e9sidence Tch\u00e8que en collaboration avec la Commission DG ECHO. <br>&#8211; en journ\u00e9e: exposition \u00ab\u00a0How I Lost my Home twice\u00a0\u00bb<br>&#8211; en soir\u00e9e: r\u00e9ception \u00e0 partir de 18h30.<\/p>\n\n\n\n<h3 class=\"has-text-align-left\">Jeudi 8 d\u00e9cembre de 17.00h \u00e0 22.00h<\/h3>\n\n\n\n<div class=\"wp-block-image\"><figure class=\"aligncenter size-full is-resized\"><img loading=\"lazy\" src=\"https:\/\/schumansquare.net\/wp-content\/uploads\/2022\/11\/ScotshMan1.jpg\" alt=\"\" class=\"wp-image-2070\" width=\"320\" height=\"192\" srcset=\"https:\/\/schumansquare.net\/wp-content\/uploads\/2022\/11\/ScotshMan1.jpg 880w, https:\/\/schumansquare.net\/wp-content\/uploads\/2022\/11\/ScotshMan1-300x180.jpg 300w, https:\/\/schumansquare.net\/wp-content\/uploads\/2022\/11\/ScotshMan1-768x461.jpg 768w\" sizes=\"(max-width: 320px) 100vw, 320px\" \/><\/figure><\/div>\n\n\n\n<h2 class=\"has-text-align-center\"><span style=\"color:#008716\" class=\"has-inline-color\">Soir\u00e9e Celtique<\/span> <meta charset=\"utf-8\">(ouvert \u00e0 tous)<\/h2>\n\n\n\n<p>Ceilidh traditionnel, grand moment de plaisir offert par\u00a0les Gouvernements d\u2019\u00c9cosse.<br>Animation chant et musique par The Hoggies.<br>Dance, food and drinks.<\/p>\n\n\n\n<h3 class=\"has-text-align-left\">Vendredi 9 d\u00e9cembre de 17.00h \u00e0 22.00h<\/h3>\n\n\n\n<div class=\"wp-block-image\"><figure class=\"aligncenter size-full\"><img loading=\"lazy\" width=\"452\" height=\"303\" src=\"https:\/\/schumansquare.net\/wp-content\/uploads\/2022\/11\/AfficheCongo_.png\" alt=\"\" class=\"wp-image-2037\" srcset=\"https:\/\/schumansquare.net\/wp-content\/uploads\/2022\/11\/AfficheCongo_.png 452w, https:\/\/schumansquare.net\/wp-content\/uploads\/2022\/11\/AfficheCongo_-300x201.png 300w\" sizes=\"(max-width: 452px) 100vw, 452px\" \/><\/figure><\/div>\n\n\n\n<h2 class=\"has-text-align-center\"><span style=\"color:#008716\" class=\"has-inline-color\">Les artistes congolais \u00e0 la rencontre de l\u2019Europe<\/span> <meta charset=\"utf-8\">(ouvert \u00e0 tous) <\/h2>\n\n\n\n<p>Fashion, Food, Music rumba,&nbsp;patrimoine intangible de l\u2019Unesco, avec Junior Fataki<\/p>\n\n\n\n<h3 class=\"has-text-align-left\">Samedi 10 d\u00e9cembre de 10.00h \u00e0 17.00h<\/h3>\n\n\n\n<div class=\"wp-block-image\"><figure class=\"aligncenter size-full is-resized\"><img loading=\"lazy\" src=\"https:\/\/schumansquare.net\/wp-content\/uploads\/2022\/11\/flag_yellow_.jpg\" alt=\"\" class=\"wp-image-2058\" width=\"242\" height=\"165\" srcset=\"https:\/\/schumansquare.net\/wp-content\/uploads\/2022\/11\/flag_yellow_.jpg 590w, https:\/\/schumansquare.net\/wp-content\/uploads\/2022\/11\/flag_yellow_-300x204.jpg 300w\" sizes=\"(max-width: 242px) 100vw, 242px\" \/><\/figure><\/div>\n\n\n\n<h2 class=\"has-text-align-center\"><span style=\"color:#008716\" class=\"has-inline-color\">Saveurs d\u2019<\/span>Europe <meta charset=\"utf-8\">(ouvert \u00e0 tous)<\/h2>\n\n\n\n<p>Food and Music.<\/p>\n\n\n\n<h3 class=\"has-text-align-left\">Dimanche 11 d\u00e9cembre de 14.00h \u00e0 22.00h<\/h3>\n\n\n\n<h2 class=\"has-text-align-center\"><span style=\"color:#008716\" class=\"has-inline-color\">You dance<\/span> acad\u00e9mie <meta charset=\"utf-8\">(ouvert \u00e0 tous)<\/h2>\n\n\n\n<p>Initiation Salsa, bal du dimanche. Food and drinks. (<a href=\"https:\/\/schumansquare.net\/index.php\/dance-on-the-rond-point\/\" data-type=\"page\" data-id=\"1517\">voir la vid\u00e9o de l&rsquo;ann\u00e9e pass\u00e9e<\/a>)<\/p>\n\n\n\n<h3><meta charset=\"utf-8\">Lundi 12 d\u00e9cembre de 16.30h \u00e0 18.00h<\/h3>\n\n\n\n<div class=\"wp-block-image\"><figure class=\"aligncenter size-large is-resized\"><img loading=\"lazy\" src=\"https:\/\/schumansquare.net\/wp-content\/uploads\/2022\/11\/logo_initiative-of-the-EC-vedana-en-quadri-2L-01-1-1024x599.png\" alt=\"\" class=\"wp-image-2055\" width=\"267\" height=\"156\" srcset=\"https:\/\/schumansquare.net\/wp-content\/uploads\/2022\/11\/logo_initiative-of-the-EC-vedana-en-quadri-2L-01-1-1024x599.png 1024w, https:\/\/schumansquare.net\/wp-content\/uploads\/2022\/11\/logo_initiative-of-the-EC-vedana-en-quadri-2L-01-1-300x175.png 300w, https:\/\/schumansquare.net\/wp-content\/uploads\/2022\/11\/logo_initiative-of-the-EC-vedana-en-quadri-2L-01-1-768x449.png 768w, https:\/\/schumansquare.net\/wp-content\/uploads\/2022\/11\/logo_initiative-of-the-EC-vedana-en-quadri-2L-01-1-1536x898.png 1536w, https:\/\/schumansquare.net\/wp-content\/uploads\/2022\/11\/logo_initiative-of-the-EC-vedana-en-quadri-2L-01-1-2048x1197.png 2048w\" sizes=\"(max-width: 267px) 100vw, 267px\" \/><\/figure><\/div>\n\n\n\n<h2 class=\"has-text-align-center\"><span style=\"color:#008716\" class=\"has-inline-color\">Vers un \u00e9cosyst\u00e8me europ\u00e9en de l\u2019hydrog\u00e8ne<\/span> <meta charset=\"utf-8\">(ouvert \u00e0 tous)<\/h2>\n\n\n\n<p>Exposition, D\u00e9bat public. \u00ab&nbsp;Vers un \u00e9cosyst\u00e8me europ\u00e9en de l\u2019hydrog\u00e8ne&nbsp;\u00bb.<br>Repr\u00e9sentation de la Commission europ\u00e9enne en Belgique et Virya Energy. \u00c9clairage hydrog\u00e8ne par Toyota Europe.<\/p>\n\n\n\n<div class=\"wp-block-image\"><figure class=\"alignright size-large is-resized\"><img loading=\"lazy\" src=\"https:\/\/schumansquare.net\/wp-content\/uploads\/2022\/11\/TME-Toyota-Ellipse-Mono-GREY_UPDATED-1024x665.jpg\" alt=\"\" class=\"wp-image-2052\" width=\"144\" height=\"93\" srcset=\"https:\/\/schumansquare.net\/wp-content\/uploads\/2022\/11\/TME-Toyota-Ellipse-Mono-GREY_UPDATED-1024x665.jpg 1024w, https:\/\/schumansquare.net\/wp-content\/uploads\/2022\/11\/TME-Toyota-Ellipse-Mono-GREY_UPDATED-300x195.jpg 300w, https:\/\/schumansquare.net\/wp-content\/uploads\/2022\/11\/TME-Toyota-Ellipse-Mono-GREY_UPDATED-768x499.jpg 768w, https:\/\/schumansquare.net\/wp-content\/uploads\/2022\/11\/TME-Toyota-Ellipse-Mono-GREY_UPDATED-1536x998.jpg 1536w, https:\/\/schumansquare.net\/wp-content\/uploads\/2022\/11\/TME-Toyota-Ellipse-Mono-GREY_UPDATED-2048x1330.jpg 2048w\" sizes=\"(max-width: 144px) 100vw, 144px\" \/><\/figure><\/div>\n\n\n\n<figure class=\"wp-block-image size-large is-resized\"><img loading=\"lazy\" src=\"https:\/\/schumansquare.net\/wp-content\/uploads\/2022\/11\/Logo-positief-RGB-1-1024x484.png\" alt=\"\" class=\"wp-image-2051\" width=\"195\" height=\"92\" srcset=\"https:\/\/schumansquare.net\/wp-content\/uploads\/2022\/11\/Logo-positief-RGB-1-1024x484.png 1024w, https:\/\/schumansquare.net\/wp-content\/uploads\/2022\/11\/Logo-positief-RGB-1-300x142.png 300w, https:\/\/schumansquare.net\/wp-content\/uploads\/2022\/11\/Logo-positief-RGB-1-768x363.png 768w, https:\/\/schumansquare.net\/wp-content\/uploads\/2022\/11\/Logo-positief-RGB-1-1536x726.png 1536w, https:\/\/schumansquare.net\/wp-content\/uploads\/2022\/11\/Logo-positief-RGB-1.png 1873w\" sizes=\"(max-width: 195px) 100vw, 195px\" \/><\/figure>\n\n\n\n<h3><meta charset=\"utf-8\">Lundi 12 d\u00e9cembre de 18.00h \u00e0 21.30h<\/h3>\n\n\n\n<div class=\"wp-block-image\"><figure class=\"aligncenter size-large is-resized\"><img loading=\"lazy\" src=\"https:\/\/schumansquare.net\/wp-content\/uploads\/2022\/11\/logo_initiative-of-the-EC-vedana-en-quadri-2L-01-1-1024x599.png\" alt=\"\" class=\"wp-image-2055\" width=\"267\" height=\"156\" srcset=\"https:\/\/schumansquare.net\/wp-content\/uploads\/2022\/11\/logo_initiative-of-the-EC-vedana-en-quadri-2L-01-1-1024x599.png 1024w, https:\/\/schumansquare.net\/wp-content\/uploads\/2022\/11\/logo_initiative-of-the-EC-vedana-en-quadri-2L-01-1-300x175.png 300w, https:\/\/schumansquare.net\/wp-content\/uploads\/2022\/11\/logo_initiative-of-the-EC-vedana-en-quadri-2L-01-1-768x449.png 768w, https:\/\/schumansquare.net\/wp-content\/uploads\/2022\/11\/logo_initiative-of-the-EC-vedana-en-quadri-2L-01-1-1536x898.png 1536w, https:\/\/schumansquare.net\/wp-content\/uploads\/2022\/11\/logo_initiative-of-the-EC-vedana-en-quadri-2L-01-1-2048x1197.png 2048w\" sizes=\"(max-width: 267px) 100vw, 267px\" \/><\/figure><\/div>\n\n\n\n<h2 class=\"has-text-align-center\"><span style=\"color:#008716\" class=\"has-inline-color\">Vers un \u00e9cosyst\u00e8me europ\u00e9en de l\u2019hydrog\u00e8ne<\/span> <meta charset=\"utf-8\">(sur invitation)<\/h2>\n\n\n\n<p>R\u00e9ception organis\u00e9e par la Repr\u00e9sentation de la Commission europ\u00e9enne en Belgique. <br>Participation de Virya Energy. \u00c9clairage hydrog\u00e8ne offert par Toyota Europe.<\/p>\n\n\n\n<div class=\"wp-block-image\"><figure class=\"alignright size-large is-resized\"><img loading=\"lazy\" src=\"https:\/\/schumansquare.net\/wp-content\/uploads\/2022\/11\/TME-Toyota-Ellipse-Mono-GREY_UPDATED-1024x665.jpg\" alt=\"\" class=\"wp-image-2052\" width=\"144\" height=\"93\" srcset=\"https:\/\/schumansquare.net\/wp-content\/uploads\/2022\/11\/TME-Toyota-Ellipse-Mono-GREY_UPDATED-1024x665.jpg 1024w, https:\/\/schumansquare.net\/wp-content\/uploads\/2022\/11\/TME-Toyota-Ellipse-Mono-GREY_UPDATED-300x195.jpg 300w, https:\/\/schumansquare.net\/wp-content\/uploads\/2022\/11\/TME-Toyota-Ellipse-Mono-GREY_UPDATED-768x499.jpg 768w, https:\/\/schumansquare.net\/wp-content\/uploads\/2022\/11\/TME-Toyota-Ellipse-Mono-GREY_UPDATED-1536x998.jpg 1536w, https:\/\/schumansquare.net\/wp-content\/uploads\/2022\/11\/TME-Toyota-Ellipse-Mono-GREY_UPDATED-2048x1330.jpg 2048w\" sizes=\"(max-width: 144px) 100vw, 144px\" \/><\/figure><\/div>\n\n\n\n<figure class=\"wp-block-image size-large is-resized\"><img loading=\"lazy\" src=\"https:\/\/schumansquare.net\/wp-content\/uploads\/2022\/11\/Logo-positief-RGB-1-1024x484.png\" alt=\"\" class=\"wp-image-2051\" width=\"195\" height=\"92\" srcset=\"https:\/\/schumansquare.net\/wp-content\/uploads\/2022\/11\/Logo-positief-RGB-1-1024x484.png 1024w, https:\/\/schumansquare.net\/wp-content\/uploads\/2022\/11\/Logo-positief-RGB-1-300x142.png 300w, https:\/\/schumansquare.net\/wp-content\/uploads\/2022\/11\/Logo-positief-RGB-1-768x363.png 768w, https:\/\/schumansquare.net\/wp-content\/uploads\/2022\/11\/Logo-positief-RGB-1-1536x726.png 1536w, https:\/\/schumansquare.net\/wp-content\/uploads\/2022\/11\/Logo-positief-RGB-1.png 1873w\" sizes=\"(max-width: 195px) 100vw, 195px\" \/><\/figure>\n\n\n\n<h3 class=\"has-text-align-left\">Mardi 13 d\u00e9cembre de 17.30h \u00e0 22.00h<\/h3>\n\n\n\n<div class=\"wp-block-image\"><figure class=\"aligncenter size-full is-resized\"><img loading=\"lazy\" src=\"https:\/\/schumansquare.net\/wp-content\/uploads\/2022\/11\/flag_yellow_.jpg\" alt=\"\" class=\"wp-image-2058\" width=\"272\" height=\"185\" srcset=\"https:\/\/schumansquare.net\/wp-content\/uploads\/2022\/11\/flag_yellow_.jpg 590w, https:\/\/schumansquare.net\/wp-content\/uploads\/2022\/11\/flag_yellow_-300x204.jpg 300w\" sizes=\"(max-width: 272px) 100vw, 272px\" \/><\/figure><\/div>\n\n\n\n<h2 class=\"has-text-align-center\"><span style=\"color:#008716\" class=\"has-inline-color\">Tour d\u2019Europe des sp\u00e9cialit\u00e9s gourmandes <\/span><br>(ouvert \u00e0 tous)<\/h2>\n\n\n\n<p>R\u00e9ception offerte ENSEMBLE&nbsp;par des Ambassades, R\u00e9gions, Repr\u00e9sentations Permanentes du quartier.<br>\u00c9clairage hydrog\u00e8ne par Toyota Europe.<\/p>\n\n\n\n<h3>Lundi 19 d\u00e9cembre de 17.00h \u00e0 21.30h<\/h3>\n\n\n\n<div class=\"wp-block-image\"><figure class=\"aligncenter size-full is-resized\"><img loading=\"lazy\" src=\"http:\/\/schumansquare.net\/wp-content\/uploads\/2022\/11\/EuroChanoukah_.jpg\" alt=\"\" class=\"wp-image-2024\" width=\"-88\" height=\"-99\" srcset=\"https:\/\/schumansquare.net\/wp-content\/uploads\/2022\/11\/EuroChanoukah_.jpg 452w, https:\/\/schumansquare.net\/wp-content\/uploads\/2022\/11\/EuroChanoukah_-265x300.jpg 265w\" sizes=\"(max-width: 452px) 100vw, 452px\" \/><\/figure><\/div>\n\n\n\n<h2 class=\"has-text-align-center\"><span class=\"has-inline-color has-vivid-green-cyan-color\"><span style=\"color:#008716\" class=\"has-inline-color\">Eurochanukah<\/span><\/span><\/h2>\n\n\n\n<p>Eurochanukah, allumage de la bougie, musique et buffet offert par EJCC.<br><meta charset=\"utf-8\">\u00c9clairage hydrog\u00e8ne par Toyota Europe.<br>(<a href=\"https:\/\/schumansquare.net\/index.php\/eurohanukah\/\" data-type=\"page\" data-id=\"1441\">voir les photos de l&rsquo;\u00e9v\u00e9nement 2021<\/a>)<\/p>\n\n\n\n<figure class=\"wp-block-image size-large\"><img loading=\"lazy\" width=\"1024\" height=\"546\" src=\"http:\/\/schumansquare.net\/wp-content\/uploads\/2022\/11\/LogosPartenaires2022-1024x546.jpg\" alt=\"\" class=\"wp-image-2002\" srcset=\"https:\/\/schumansquare.net\/wp-content\/uploads\/2022\/11\/LogosPartenaires2022-1024x546.jpg 1024w, https:\/\/schumansquare.net\/wp-content\/uploads\/2022\/11\/LogosPartenaires2022-300x160.jpg 300w, https:\/\/schumansquare.net\/wp-content\/uploads\/2022\/11\/LogosPartenaires2022-768x409.jpg 768w, https:\/\/schumansquare.net\/wp-content\/uploads\/2022\/11\/LogosPartenaires2022-1536x819.jpg 1536w, https:\/\/schumansquare.net\/wp-content\/uploads\/2022\/11\/LogosPartenaires2022.jpg 1771w\" sizes=\"(max-width: 1024px) 100vw, 1024px\" \/><figcaption>Nos sponsors<\/figcaption><\/figure>\n\n\n\n<p><\/p>\n","protected":false},"excerpt":{"rendered":"<p>Voici le programme des 10 journ\u00e9es pr\u00e9vues sur le rond-point Schuman du 5 au 19 d\u00e9cembre, ax\u00e9 sur l\u2019\u00e9nergie alternative verte. Lundi 5 d\u00e9cembre de 18.00h \u00e0 22.00h Saveurs d\u2019Italie D\u00e9gustation d\u2019authentiques saveurs d\u2019Italie propos\u00e9e par la Chambre de Commerce Belgo-Italienne en collaboration avec la KBCBrussels. (complet) Mardi 6 d\u00e9cembre de 17.00h \u00e0 22.00h Soir\u00e9e&hellip;<\/p>\n","protected":false},"author":1,"featured_media":0,"parent":0,"menu_order":0,"comment_status":"closed","ping_status":"closed","template":"","meta":[],"_links":{"self":[{"href":"https:\/\/schumansquare.net\/index.php\/wp-json\/wp\/v2\/pages\/1941"}],"collection":[{"href":"https:\/\/schumansquare.net\/index.php\/wp-json\/wp\/v2\/pages"}],"about":[{"href":"https:\/\/schumansquare.net\/index.php\/wp-json\/wp\/v2\/types\/page"}],"author":[{"embeddable":true,"href":"https:\/\/schumansquare.net\/index.php\/wp-json\/wp\/v2\/users\/1"}],"replies":[{"embeddable":true,"href":"https:\/\/schumansquare.net\/index.php\/wp-json\/wp\/v2\/comments?post=1941"}],"version-history":[{"count":54,"href":"https:\/\/schumansquare.net\/index.php\/wp-json\/wp\/v2\/pages\/1941\/revisions"}],"predecessor-version":[{"id":2095,"href":"https:\/\/schumansquare.net\/index.php\/wp-json\/wp\/v2\/pages\/1941\/revisions\/2095"}],"wp:attachment":[{"href":"https:\/\/schumansquare.net\/index.php\/wp-json\/wp\/v2\/media?parent=1941"}],"curies":[{"name":"wp","href":"https:\/\/api.w.org\/{rel}","templated":true}]}}