{"id":2235,"date":"2022-12-12T10:42:41","date_gmt":"2022-12-12T09:42:41","guid":{"rendered":"https:\/\/schumansquare.net\/?page_id=2235"},"modified":"2022-12-15T11:26:32","modified_gmt":"2022-12-15T10:26:32","slug":"schuman-ligths-up-2022-galerie","status":"publish","type":"page","link":"https:\/\/schumansquare.net\/index.php\/schuman-ligths-up-2022-galerie\/","title":{"rendered":"Schuman Ligths Up 2022 galerie"},"content":{"rendered":"\n<h2>5 d\u00e9cembre<\/h2>\n\n\n\n[ngg src=\u00a0\u00bbgalleries\u00a0\u00bb ids=\u00a0\u00bb26&Prime; display=\u00a0\u00bbbasic_thumbnail\u00a0\u00bb thumbnail_crop=\u00a0\u00bb0&Prime;]\n\n\n\n<h2>6 d\u00e9cembre<\/h2>\n\n\n\n[ngg src=\u00a0\u00bbgalleries\u00a0\u00bb ids=\u00a0\u00bb27&Prime; display=\u00a0\u00bbbasic_thumbnail\u00a0\u00bb thumbnail_crop=\u00a0\u00bb0&Prime;]\n\n\n\n<h2>7 d\u00e9cembre<\/h2>\n\n\n\n[ngg src=\u00a0\u00bbgalleries\u00a0\u00bb ids=\u00a0\u00bb28&Prime; display=\u00a0\u00bbbasic_thumbnail\u00a0\u00bb thumbnail_crop=\u00a0\u00bb0&Prime;]\n\n\n\n<h2>8 d\u00e9cembre<\/h2>\n\n\n\n[ngg src=\u00a0\u00bbgalleries\u00a0\u00bb ids=\u00a0\u00bb29&Prime; display=\u00a0\u00bbbasic_thumbnail\u00a0\u00bb thumbnail_crop=\u00a0\u00bb0&Prime;]\n\n\n\n<h2>9 d\u00e9cembre<\/h2>\n\n\n\n[ngg src=\u00a0\u00bbgalleries\u00a0\u00bb ids=\u00a0\u00bb30&Prime; display=\u00a0\u00bbbasic_thumbnail\u00a0\u00bb thumbnail_crop=\u00a0\u00bb0&Prime;]\n\n\n\n<h2>10 d\u00e9cembre<\/h2>\n\n\n\n[ngg src=\u00a0\u00bbgalleries\u00a0\u00bb ids=\u00a0\u00bb31&Prime; display=\u00a0\u00bbbasic_thumbnail\u00a0\u00bb thumbnail_crop=\u00a0\u00bb0&Prime;]\n\n\n\n<h2>11 d\u00e9cembre<\/h2>\n\n\n\n[ngg src=\u00a0\u00bbgalleries\u00a0\u00bb ids=\u00a0\u00bb32&Prime; display=\u00a0\u00bbbasic_thumbnail\u00a0\u00bb thumbnail_crop=\u00a0\u00bb0&Prime;]\n\n\n\n<h2>12 d\u00e9cembre<\/h2>\n\n\n\n[ngg src=\u00a0\u00bbgalleries\u00a0\u00bb ids=\u00a0\u00bb33&Prime; display=\u00a0\u00bbbasic_thumbnail\u00a0\u00bb thumbnail_crop=\u00a0\u00bb0&Prime;]\n\n\n\n<h2>13 d\u00e9cembre<\/h2>\n\n\n\n[ngg src=\u00a0\u00bbgalleries\u00a0\u00bb ids=\u00a0\u00bb34&Prime; display=\u00a0\u00bbbasic_thumbnail\u00a0\u00bb thumbnail_crop=\u00a0\u00bb0&Prime;]\n\n\n\n<p><\/p>\n","protected":false},"excerpt":{"rendered":"<p>5 d\u00e9cembre 6 d\u00e9cembre 7 d\u00e9cembre 8 d\u00e9cembre 9 d\u00e9cembre 10 d\u00e9cembre 11 d\u00e9cembre 12 d\u00e9cembre 13 d\u00e9cembre<\/p>\n","protected":false},"author":1,"featured_media":0,"parent":0,"menu_order":0,"comment_status":"closed","ping_status":"closed","template":"","meta":[],"_links":{"self":[{"href":"https:\/\/schumansquare.net\/index.php\/wp-json\/wp\/v2\/pages\/2235"}],"collection":[{"href":"https:\/\/schumansquare.net\/index.php\/wp-json\/wp\/v2\/pages"}],"about":[{"href":"https:\/\/schumansquare.net\/index.php\/wp-json\/wp\/v2\/types\/page"}],"author":[{"embeddable":true,"href":"https:\/\/schumansquare.net\/index.php\/wp-json\/wp\/v2\/users\/1"}],"replies":[{"embeddable":true,"href":"https:\/\/schumansquare.net\/index.php\/wp-json\/wp\/v2\/comments?post=2235"}],"version-history":[{"count":9,"href":"https:\/\/schumansquare.net\/index.php\/wp-json\/wp\/v2\/pages\/2235\/revisions"}],"predecessor-version":[{"id":2314,"href":"https:\/\/schumansquare.net\/index.php\/wp-json\/wp\/v2\/pages\/2235\/revisions\/2314"}],"wp:attachment":[{"href":"https:\/\/schumansquare.net\/index.php\/wp-json\/wp\/v2\/media?parent=2235"}],"curies":[{"name":"wp","href":"https:\/\/api.w.org\/{rel}","templated":true}]}}