{"id":402,"date":"2019-04-10T11:31:40","date_gmt":"2019-04-10T09:31:40","guid":{"rendered":"http:\/\/schumansquare.net\/?page_id=402"},"modified":"2019-04-13T11:28:16","modified_gmt":"2019-04-13T09:28:16","slug":"les-drapeaux-europeens","status":"publish","type":"page","link":"https:\/\/schumansquare.net\/index.php\/les-drapeaux-europeens\/","title":{"rendered":"Bonne nouvelle! Il y aura des drapeaux sur l\u2019Agora\u2026"},"content":{"rendered":"\n<p>Bruxelles,\nle 17\/07\/2017<\/p>\n\n\n\n<blockquote class=\"wp-block-quote\"><p>Envoy\u00e9 aux responsables politiques<\/p><\/blockquote>\n\n\n\n<p>AGORA EUROPE et DRAPEAUX EUROPEENS.<\/p>\n\n\n\n<p>Mesdames, Messieurs, <\/p>\n\n\n\n<p>L\u2019ASBL\nSchuman Square, cr\u00e9e en 2013, est un &nbsp;Comit\u00e9 de quartier au centre de\nl\u2019espace europ\u00e9en. Sa vocation&nbsp; est\nd\u2019am\u00e9liorer la notori\u00e9t\u00e9, la convivialit\u00e9 et l\u2019image du quartier aux pieds des\ntrois&nbsp; principales institutions\neurop\u00e9ennes.&nbsp; <\/p>\n\n\n\n<p>Depuis\nsa constitution, l\u2019ASBL a contribu\u00e9 \u00e0 l\u2019animation du rond point Schuman \u00e0\ndiff\u00e9rents moments embl\u00e9matiques de la vie du quartier. Ces \u00e9v\u00e9nements&nbsp; ont attir\u00e9 des milliers de visiteurs:&nbsp;<\/p>\n\n\n\n<ul><li>Portes Ouvertes des\nInstitutions&nbsp;europ\u00e9ennes: 4 \u00e9ditions de la F\u00eate du Pain au mois de mai,&nbsp;<\/li><li>Eclairages et F\u00eates en\nd\u00e9cembre: mise \u00e0 disposition de l\u2019espace central d\u00e9cor\u00e9, pour l\u2019organisation\nd\u2019\u00e9v\u00e9nements, de soir\u00e9es, de manifestations culturelles diverses, &nbsp;r\u00e9ceptions sur des th\u00e8mes au choix\u2026<\/li><\/ul>\n\n\n\n<p>Nos\nactions sont soutenues &nbsp;par les\nInstitutions europ\u00e9ennes, la R\u00e9gion et la Ville de Bruxelles et par tous les\nriverains&nbsp; qui contribuent g\u00e9n\u00e9reusement.\n&nbsp;Les \u00ab&nbsp;voisins&nbsp;\u00bb ont appris \u00e0 mieux se connaitre, \u00e0 collaborer,\n\u00e0 dialoguer. Qu\u2019il s\u2019agisse des riverains, des fonctionnaires, des ambassades,\ndes bureaux de repr\u00e9sentation, des commer\u00e7ants, de la police,&nbsp; tous les voisins se retrouvent ensemble\npour partager des moments de convivialit\u00e9. Le r\u00f4le F\u00e9d\u00e9rateur de l\u2019ASBL est\nessentiel. <\/p>\n\n\n\n<p>Dans\nce contexte, nous avons tous vu les DRAPEAUX que vous avez fait placer pendant\nquelques jours sur la rue de la Loi lors de l\u2019inauguration du monument \u00e0 la\nm\u00e9moire des victimes du terrorisme. <\/p>\n\n\n\n<p>Nous\nserions TOUS tr\u00e8s heureux d\u2019accueillir ces drapeaux , bien plac\u00e9s, &nbsp;d\u2019une fa\u00e7on plus permanente . Vivants,\ncolor\u00e9s, trait\u00e9s comme des \u0152uvres d\u2019Art, ils apporteraient une ambiance festive\nde nature \u00e0 conforter l\u2019espace dans sa dimension symbolique particuli\u00e8re au\nc\u0153ur du quartier europ\u00e9en. Le geste serait positif et ne devrait susciter\naucune contestation. <\/p>\n\n\n\n<p>Nous\npr\u00e9voyons, sur le rond point am\u00e9nag\u00e9, diff\u00e9rents \u00e9v\u00e9nements entre le 5 et le 13\nd\u00e9cembre, dont une soir\u00e9e de cl\u00f4ture&nbsp;\nde la Pr\u00e9sidence de l\u2019Estonie \u00e0 la veille du Sommet des chefs d\u2019Etats\nqui se tiendra les 14\/15 d\u00e9cembre. Ceci pourrait \u00eatre une belle occasion de\nd\u00e9ployer les drapeaux. <\/p>\n\n\n\n<p><strong>Marion Wolfers<\/strong>, Pr\u00e9sidente <strong>France Soubeyran<\/strong>, Administrateur d\u00e9l\u00e9gu\u00e9e <\/p>\n","protected":false},"excerpt":{"rendered":"<p>Bruxelles, le 17\/07\/2017 Envoy\u00e9 aux responsables politiques AGORA EUROPE et DRAPEAUX EUROPEENS. Mesdames, Messieurs, L\u2019ASBL Schuman Square, cr\u00e9e en 2013, est un &nbsp;Comit\u00e9 de quartier au centre de l\u2019espace europ\u00e9en. Sa vocation&nbsp; est d\u2019am\u00e9liorer la notori\u00e9t\u00e9, la convivialit\u00e9 et l\u2019image du quartier aux pieds des trois&nbsp; principales institutions europ\u00e9ennes.&nbsp; Depuis sa constitution, l\u2019ASBL a contribu\u00e9&hellip;<\/p>\n","protected":false},"author":1,"featured_media":0,"parent":0,"menu_order":0,"comment_status":"closed","ping_status":"closed","template":"","meta":[],"_links":{"self":[{"href":"https:\/\/schumansquare.net\/index.php\/wp-json\/wp\/v2\/pages\/402"}],"collection":[{"href":"https:\/\/schumansquare.net\/index.php\/wp-json\/wp\/v2\/pages"}],"about":[{"href":"https:\/\/schumansquare.net\/index.php\/wp-json\/wp\/v2\/types\/page"}],"author":[{"embeddable":true,"href":"https:\/\/schumansquare.net\/index.php\/wp-json\/wp\/v2\/users\/1"}],"replies":[{"embeddable":true,"href":"https:\/\/schumansquare.net\/index.php\/wp-json\/wp\/v2\/comments?post=402"}],"version-history":[{"count":5,"href":"https:\/\/schumansquare.net\/index.php\/wp-json\/wp\/v2\/pages\/402\/revisions"}],"predecessor-version":[{"id":483,"href":"https:\/\/schumansquare.net\/index.php\/wp-json\/wp\/v2\/pages\/402\/revisions\/483"}],"wp:attachment":[{"href":"https:\/\/schumansquare.net\/index.php\/wp-json\/wp\/v2\/media?parent=402"}],"curies":[{"name":"wp","href":"https:\/\/api.w.org\/{rel}","templated":true}]}}