{"id":50,"date":"2019-04-09T10:39:44","date_gmt":"2019-04-09T08:39:44","guid":{"rendered":"http:\/\/schumansquare.net\/?page_id=50"},"modified":"2022-04-08T12:02:24","modified_gmt":"2022-04-08T10:02:24","slug":"schuman-light-up","status":"publish","type":"page","link":"https:\/\/schumansquare.net\/index.php\/schuman-light-up\/","title":{"rendered":"Schuman Lights Up (galerie)"},"content":{"rendered":"\n<h2>Lights Up 2021<\/h2>\n\n\n\n<p class=\"has-medium-font-size\">2021 fut l&rsquo;occasion \u00e0 la pr\u00e9sidence slov\u00e8ne de nous faire d\u00e9couvrir de nombreux aspects de leur pays \u00e0 travers leur culture, leurs traditions et leurs personnalit\u00e9s sportives.<\/p>\n\n\n\n[ngg src=\u00a0\u00bbgalleries\u00a0\u00bb ids=\u00a0\u00bb23&Prime; display=\u00a0\u00bbbasic_thumbnail\u00a0\u00bb thumbnail_crop=\u00a0\u00bb0&Prime;]\n\n\n\n<h2>Lights Up 2020<\/h2>\n\n\n\n<h4>R\u00eaver le long d\u2019une spectaculaire promenade de lumi\u00e8res aux pieds des Institutions europ\u00e9ennes.<br>Depuis l\u2019entr\u00e9e du Cinquantenaire jusqu\u2019\u00e0 l\u2019esplanade de la rue de la Loi, en passant par le rond-point Schuman, une boule de No\u00ebl g\u00e9ante, une gloriette de lumi\u00e8res, des sapins, de l\u2019\u00e9clairage, de la magie pour le plus grand plaisir de tr\u00e8s nombreux promeneurs: riverains, passants, enfants, journalistes, touristes et h\u00f4tes de marques soit plusieurs milliers de personnes.<\/h4>\n\n\n\n<h4>Nous avons re\u00e7u le bourgmestre Philippe Close, l\u2019\u00e9chevin Fabian Maingain, Charlotte Guggenheim et Natalie Malivoir du Bureau de la Repr\u00e9sentation de la Commission. <\/h4>\n\n\n\n<h4>Le d\u00e9cor r\u00e9alis\u00e9 par Tim Platteau (TBK) et Christophe De Wandeleer (Tzar) a \u00e9t\u00e9 vu en toile de fond de tr\u00e8s nombreux reportages t\u00e9l\u00e9vis\u00e9s dans plusieurs capitales europ\u00e9ennes. Le lien: <a href=\"https:\/\/fr.euronews.com\/2020\/12\/14\/l-allemagne-prend-le-chemin-de-la-fermeture-des-commerces-non-essentiels-et-des-ecoles\">https:\/\/fr.euronews.com\/2020\/12\/14\/l-allemagne-prend-le-chemin-de-la-fermeture-des-commerces-non-essentiels-et-des-ecoles<\/a><\/h4>\n\n\n\n[ngg src=\u00a0\u00bbgalleries\u00a0\u00bb ids=\u00a0\u00bb20,21&Prime; display=\u00a0\u00bbbasic_thumbnail\u00a0\u00bb thumbnail_crop=\u00a0\u00bb0&Prime;]\n\n\n\n<h4>En d\u00e9cembre, tous les ans, les ambassades, les bureaux des r\u00e9gions, les Instituons europ\u00e9ennes, la ville de Bruxelles, la r\u00e9gion de Bruxelles -Capitales, tous les voisins se retrouvent sur le rond point Schuman pour quelques moments de joyeuses f\u00eates.<\/h4>\n\n\n\n<div class=\"wp-block-image\"><figure class=\"aligncenter\"><img loading=\"lazy\" width=\"640\" height=\"480\" src=\"http:\/\/schumansquare.net\/wp-content\/uploads\/2020\/05\/image005.jpg\" alt=\"\" class=\"wp-image-1041\" srcset=\"https:\/\/schumansquare.net\/wp-content\/uploads\/2020\/05\/image005.jpg 640w, https:\/\/schumansquare.net\/wp-content\/uploads\/2020\/05\/image005-300x225.jpg 300w, https:\/\/schumansquare.net\/wp-content\/uploads\/2020\/05\/image005-120x90.jpg 120w\" sizes=\"(max-width: 640px) 100vw, 640px\" \/><\/figure><\/div>\n\n\n\n<div class=\"wp-block-image\"><figure class=\"aligncenter\"><img loading=\"lazy\" width=\"480\" height=\"640\" src=\"http:\/\/schumansquare.net\/wp-content\/uploads\/2020\/05\/IMG_6439.jpeg\" alt=\"\" class=\"wp-image-1042\" srcset=\"https:\/\/schumansquare.net\/wp-content\/uploads\/2020\/05\/IMG_6439.jpeg 480w, https:\/\/schumansquare.net\/wp-content\/uploads\/2020\/05\/IMG_6439-225x300.jpeg 225w\" sizes=\"(max-width: 480px) 100vw, 480px\" \/><\/figure><\/div>\n\n\n\n<p>Le d\u00f4me central et l\u2019\u00e9clairage f\u00e9\u00e9rique font du rond-point Schuman \u00ab\u00a0the place to be in Brussels\u00a0\u00bb.<\/p>\n\n\n\n<h2><a rel=\"noreferrer noopener\" href=\"http:\/\/schumansquare.net\/index.php\/schuman-lights-up-2019-en\/\" target=\"_blank\">Lights Up 2019&#8230; lien vers la page<\/a><\/h2>\n\n\n\n<p><\/p>\n\n\n\n<p>Quelques images des \u00e9v\u00e9nements:<\/p>\n\n\n\n[ngg src=\u00a0\u00bbgalleries\u00a0\u00bb ids=\u00a0\u00bb18&Prime; display=\u00a0\u00bbbasic_thumbnail\u00a0\u00bb]\n\n\n\n<p>Schuman Lights Up 2018<\/p>\n\n\n\n[ngg src=\u00a0\u00bbgalleries\u00a0\u00bb ids=\u00a0\u00bb2&Prime; display=\u00a0\u00bbbasic_thumbnail\u00a0\u00bb]\n\n\n\n<p>Schuman Lights Up 2016<\/p>\n\n\n\n[ngg src=\u00a0\u00bbgalleries\u00a0\u00bb ids=\u00a0\u00bb1&Prime; display=\u00a0\u00bbbasic_thumbnail\u00a0\u00bb]\n\n\n\n<p>Schuman Lights Up 2015<\/p>\n\n\n\n<p><br><\/p>\n\n\n\n<p><\/p>\n","protected":false},"excerpt":{"rendered":"<p>Lights Up 2021 2021 fut l&rsquo;occasion \u00e0 la pr\u00e9sidence slov\u00e8ne de nous faire d\u00e9couvrir de nombreux aspects de leur pays \u00e0 travers leur culture, leurs traditions et leurs personnalit\u00e9s sportives. Lights Up 2020 R\u00eaver le long d\u2019une spectaculaire promenade de lumi\u00e8res aux pieds des Institutions europ\u00e9ennes.Depuis l\u2019entr\u00e9e du Cinquantenaire jusqu\u2019\u00e0 l\u2019esplanade de la rue de&hellip;<\/p>\n","protected":false},"author":1,"featured_media":0,"parent":0,"menu_order":0,"comment_status":"closed","ping_status":"closed","template":"","meta":[],"_links":{"self":[{"href":"https:\/\/schumansquare.net\/index.php\/wp-json\/wp\/v2\/pages\/50"}],"collection":[{"href":"https:\/\/schumansquare.net\/index.php\/wp-json\/wp\/v2\/pages"}],"about":[{"href":"https:\/\/schumansquare.net\/index.php\/wp-json\/wp\/v2\/types\/page"}],"author":[{"embeddable":true,"href":"https:\/\/schumansquare.net\/index.php\/wp-json\/wp\/v2\/users\/1"}],"replies":[{"embeddable":true,"href":"https:\/\/schumansquare.net\/index.php\/wp-json\/wp\/v2\/comments?post=50"}],"version-history":[{"count":27,"href":"https:\/\/schumansquare.net\/index.php\/wp-json\/wp\/v2\/pages\/50\/revisions"}],"predecessor-version":[{"id":1836,"href":"https:\/\/schumansquare.net\/index.php\/wp-json\/wp\/v2\/pages\/50\/revisions\/1836"}],"wp:attachment":[{"href":"https:\/\/schumansquare.net\/index.php\/wp-json\/wp\/v2\/media?parent=50"}],"curies":[{"name":"wp","href":"https:\/\/api.w.org\/{rel}","templated":true}]}}