{"id":67,"date":"2019-04-09T10:56:13","date_gmt":"2019-04-09T08:56:13","guid":{"rendered":"http:\/\/schumansquare.net\/?page_id=67"},"modified":"2019-04-19T13:46:03","modified_gmt":"2019-04-19T11:46:03","slug":"le-rond-point-schuman","status":"publish","type":"page","link":"https:\/\/schumansquare.net\/index.php\/le-rond-point-schuman\/","title":{"rendered":"Le Rond-Point Schuman"},"content":{"rendered":"\n<h3>Espace d\u2019expression libre pour tous<\/h3>\n\n\n\n<p><em>Aux pieds de trois des principales institutions europ\u00e9ennes, agora embl\u00e9matique, centre du quartier europ\u00e9en, de la r\u00e9gion, de la ville, symbole de la Capitale de l\u2019Europe,<\/em> tr\u00e8s sollicit\u00e9 pour de nombreux \u00e9v\u00e9nements tr\u00e8s divers dont des manifestations quotidiennes, parfois violentes.<\/p>\n\n\n\n<p>Dans un quartier aux contrastes multiples, surr\u00e9alistes, le rond-point doit conserver une \u00e2me, une intimit\u00e9 pour encourager les rencontres.<\/p>\n\n\n\n<h2><em>Espace \u00e0 am\u00e9nager<\/em><\/h2>\n\n\n\n<p>Le rond-point Schuman est un des derniers espaces \u00e0 am\u00e9nager dans le quartier  europ\u00e9en. M\u00e9connu, inaccessible, mal entretenu, ce magnifique espace doit \u00eatre rendu au public, accessible en toute s\u00e9curit\u00e9. Il ne peut rester dans son \u00e9tat actuel.<\/p>\n\n\n\n<p>Il doit \u00eatre am\u00e9nag\u00e9 simplement avec go\u00fbt et \u00e9l\u00e9gance, pour devenir le lieu de rencontre sympathique et accueillant pour tous et tous types d&rsquo;\u00e9v\u00e9nements.<\/p>\n\n\n\n[ngg src=\u00a0\u00bbgalleries\u00a0\u00bb ids=\u00a0\u00bb11&Prime; display=\u00a0\u00bbbasic_thumbnail\u00a0\u00bb]\n","protected":false},"excerpt":{"rendered":"<p>Espace d\u2019expression libre pour tous Aux pieds de trois des principales institutions europ\u00e9ennes, agora embl\u00e9matique, centre du quartier europ\u00e9en, de la r\u00e9gion, de la ville, symbole de la Capitale de l\u2019Europe, tr\u00e8s sollicit\u00e9 pour de nombreux \u00e9v\u00e9nements tr\u00e8s divers dont des manifestations quotidiennes, parfois violentes. Dans un quartier aux contrastes multiples, surr\u00e9alistes, le rond-point doit&hellip;<\/p>\n","protected":false},"author":1,"featured_media":0,"parent":0,"menu_order":0,"comment_status":"closed","ping_status":"closed","template":"","meta":[],"_links":{"self":[{"href":"https:\/\/schumansquare.net\/index.php\/wp-json\/wp\/v2\/pages\/67"}],"collection":[{"href":"https:\/\/schumansquare.net\/index.php\/wp-json\/wp\/v2\/pages"}],"about":[{"href":"https:\/\/schumansquare.net\/index.php\/wp-json\/wp\/v2\/types\/page"}],"author":[{"embeddable":true,"href":"https:\/\/schumansquare.net\/index.php\/wp-json\/wp\/v2\/users\/1"}],"replies":[{"embeddable":true,"href":"https:\/\/schumansquare.net\/index.php\/wp-json\/wp\/v2\/comments?post=67"}],"version-history":[{"count":6,"href":"https:\/\/schumansquare.net\/index.php\/wp-json\/wp\/v2\/pages\/67\/revisions"}],"predecessor-version":[{"id":646,"href":"https:\/\/schumansquare.net\/index.php\/wp-json\/wp\/v2\/pages\/67\/revisions\/646"}],"wp:attachment":[{"href":"https:\/\/schumansquare.net\/index.php\/wp-json\/wp\/v2\/media?parent=67"}],"curies":[{"name":"wp","href":"https:\/\/api.w.org\/{rel}","templated":true}]}}